6?
-20582366
In base 10, what is -337 + 4084?
3747
In base 10, what is -3686 + -963?
-4649
In base 8, what is 126 + 13140511?
13140637
In base 14, what is -3 + 1264b2?
1264ad
In base 14, what is 24d + -39925?
-396b6
In base 10, what is 227 - -622484?
622711
In base 14, what is 3 + -1b4c00a?
-1b4c007
In base 6, what is 131422414423 - 3?
131422414420
In base 4, what is -22303003001212 - 10?
-22303003001222
In base 5, what is -2 + -10100244130?
-10100244132
In base 11, what is -4270a673 - 0?
-4270a673
In base 3, what is 0 + -210011112022022?
-210011112022022
In base 4, what is -11131200232 + 312?
-11131133320
In base 8, what is -110770215 + -3?
-110770220
In base 10, what is -67599 - -5621?
-61978
In base 2, what is 100010000000010100 + -10010110110?
100001101101011110
In base 9, what is 168642 + -238?
168403
In base 8, what is 5 + -34362712?
-34362705
In base 15, what is 1 + -539ec?
-539eb
In base 15, what is -9c1 - -15b1e?
1514d
In base 12, what is -175 - 34661?
-34816
In base 11, what is -4 - 207678?
-207681
In base 7, what is 546154 + 114?
546301
In base 13, what is 51 - 17c3980?
-17c392c
In base 10, what is 512 + -105988?
-105476
In base 14, what is -1d9b + -2c?
-1dc9
In base 8, what is -2152406173 - -5?
-2152406166
In base 5, what is -3111211212304 + -1?
-3111211212310
In base 3, what is 102112011121021 + 1112?
102112011122210
In base 14, what is -1d93673 + 2?
-1d93671
In base 8, what is 46315121 - 5?
46315114
In base 16, what is -1a5abf4 - -3?
-1a5abf1
In base 14, what is -d9cc4 + -a5?
-d9d89
In base 12, what is -2756 - 516?
-3070
In base 12, what is -a507a14 + 8?
-a507a08
In base 4, what is -13223 + 1313031?
1233202
In base 2, what is -1011100011010111111001100 + 10?
-1011100011010111111001010
In base 5, what is 402 - 21034310?
-21033403
In base 4, what is 213 - -2000010230?
2000011103
In base 16, what is 2 + f2f32a?
f2f32c
In base 11, what is -216741 + -5?
-216746
In base 8, what is -3722357 + 41?
-3722316
In base 3, what is 211200012111201100 - -2?
211200012111201102
In base 6, what is 4534435104 - 5?
4534435055
In base 6, what is 331 - -14551333?
14552104
In base 16, what is 5479 + b1?
552a
In base 11, what is aa1 + 123501?
1244a2
In base 13, what is -1c5c + 901?
-135b
In base 8, what is -25006 - 155305?
-202313
In base 7, what is 2332666204 + 3?
2332666210
In base 5, what is 214111 + -112430?
101131
In base 2, what is 111100101011010110000110 - 1001?
111100101011010101111101
In base 12, what is -a23832 - 0?
-a23832
In base 5, what is -1142203 + 30144?
-1112004
In base 11, what is 3 - -10a1907?
10a190a
In base 11, what is a + 7574a9?
757508
In base 7, what is -13411202 - 2411?
-13413613
In base 9, what is -272 + 42638?
42356
In base 3, what is 12011201102101 + 10?
12011201102111
In base 11, what is -299042 - -37?
-299006
In base 9, what is -11871045 - -68?
-11870866
In base 11, what is -563 + 70a819?
70a266
In base 11, what is 54 - -21424?
21478
In base 14, what is -74b0 + -da4?
-8474
In base 8, what is 13 + 11413632?
11413645
In base 7, what is -1 - -36030311?
36030310
In base 16, what is -1 - 220ee47?
-220ee48
In base 5, what is -334234111 - -11?
-334234100
In base 6, what is 100 - 32534?
-32434
In base 13, what is -287b + -12a7?
-3b55
In base 4, what is -2 + 1101333022230?
1101333022222
In base 9, what is 1678032 - 35?
1677886
In base 5, what is -4 + -443324102343?
-443324102402
In base 4, what is -2133033213 - 2333?
-2133102212
In base 7, what is 313460451 - 3?
313460445
In base 2, what is 1011000110110110100 - -101?
1011000110110111001
In base 14, what is -296d0 + 1390?
-28340
In base 10, what is -135031517 - 5?
-135031522
In base 10, what is -2638 + -1259?
-3897
In base 3, what is 10000 + -121210100000?
-121210020000
In base 5, what is -2220214120 - 232?
-2220214402
In base 9, what is 47008075 - 20?
47008055
In base 11, what is 112618 + 27a?
112897
In base 10, what is -174272 - 65?
-174337
In base 12, what is 37861 - -1560?
39201
In base 5, what is -330124040 - 1111?
-330130201
In base 10, what is -441752 - 433?
-442185
In base 2, what is 10101100011101001000001 + -1010?
10101100011101000110111
In base 14, what is 6545 - -4?
6549
In base 3, what is -201 - 201101210020000?
-201101210020201
In base 10, what is -4 + -13916083?
-13916087
In base 16, what is 30ce5f9a + 5?
30ce5f9f
In base 5, what is -100210442424 + -4?
-100210442433
In base 11, what is 2a8 - -221706?
221a03
In base 9, what is -1258 - -80407?
78138
In base 11, what is -81786 + -2170?
-83946
In base 10, what is -1773129 - 2?
-1773131
In base 5, what is 2 + -101100434?
-101100432
In base 15, what is a8c68d - 6?
a8c687
In base 9, what is -2243115 + 0?
-2243115
In base 5, what is -40413012 + 4?
-40413003
In base 16, what is -b3 - -154e3?
15430
In base 9, what is -28178 + -255?
-28444
In base 8, what is -16 + 35153540?
35153522
In base 5, what is -241301 + 214434?
-21312
In base 8, what is 1314472 + -44?
1314426
In base 7, what is -141 - 22256115?
-22256256
In base 2, what is 10101 - -1110100001110001111?
1110100001110100100
In base 16, what is 2096edcb + -4?
2096edc7
In base 13, what is -4 + -2ba4bc5?
-2ba4bc9
In base 6, what is 3250342 + -14400?
3231542
In base 3, what is -1001122110000100 - 0?
-1001122110000100
In base 5, what is -23001420100 + 4?
-23001420041
In base 6, what is 25522 + -22433?
3045
In base 13, what is -1373 - -87a54?
866b1
In base 6, what is -2 + 121114115?
121114113
In base 9, what is -37657608 - -4?
-37657604
In base 8, what is 1 - 1250724?
-1250723
In base 4, what is 3 - -2103100322?
2103100331
In base 13, what is 86073570 - -3?
86073573
In base 14, what is b605a15 - -2?
b605a17
In base 10, what is -4793 - 8005?
-12798
In base 4, what is 11 - 1302111011032?
-1302111011021
In base 2, what is 100001111001 - -110000110101110010?
110001010111101011
In base 13, what is -155c - -1c11c?
1a890
In base 10, what is -157027 + 11?
-157016
In base 11, what is 236 + -271998?
-271762
In base 7, what is 644 + -4005313?
-4004336
In base 8, what is -32 + 6322447?
6322415
In base 11, what is 2 - 234311?
-23430a
In base 16, what is 44 + -1a790?
-1a74c
In base 14, what is -943 + 20483?
1d940
In base 8, what is 3075737 - -15?
3075754
In base 9, what is 1 + -6313148?
-6313147
In base 6, what is -43400513 + -3?
-43400520
In base 10, what is 102232700 - 2?
102232698
In base 9, what is 1065788305 - -3?
1065788308
In base 10, what is 18131839 + 3?
18131842
In base 13, what is 1576 - cca?
579
In base 14, what is b5 + -831?
-75a
In base 13, what is -3 - 4219b7?
-4219ba
In base 3, what is -11202020 - -110010000?
21100210
In base 5, what is -1022233121 + -2?
-1022233123
In base 11, what is -489 + -37121?
-375aa
In base 2, what is -1010110101000111 - -1100110011?
-1010101000010100
In base 14, what is 9d - 4c2a5c?
-4c299d
In base 12, what is 5b11b0 + -3?
5b11a9
In base 2, what is 100100010 - -1111000110101?
1111101010111
In base 16, what is 10 + 717c46?
717c56
In base 11, what is 3 + 76aa2691?
76aa2694
In base 6, what is -12312351 + 153?
-12312154
In base 13, what is 5 - -277c6a?
277c72
In base 15, what is -e - 338c82?
-338c91
In base 8, what is 42122 - 2457?
37443
In base 7, what is 2046113 - -105?
2046221
In base 9, what is 680031260 - 2?
680031257
In base 14, what is 0 - 41bb18?
-41bb18
In base 12, what is -2 - 686211b6?
-686211b8
In base 9, what is 2866 - -1727?
4704
In base 15, what is bae + -53c4?
-4715
In base 9, what is -3051 - 227684?
-231745
In base 6, what is -34115250 + -25?
-34115315
In base 2, what is 1010001111001 - 10000010?
1001111110111
In base 14, what is -707d9 - cc?
-708c7
In base 10, what is 4 - -16976243?
16976247
In base 15, what is -12d - -75ac4?
75996
In base 15, what is cab + 20d17?
21ac3
In base 6, what is -144 - -10523?
10335
In base 14, what is 9bdcd + -22?
9bdab
In base 5, what is -42240314 - -22024?
-42213240
In base 5, what is 201301232333 + 0?
201301232333
In base 14, what is -39 + 2c8c?
2c53
In base 10, what is -1449579 - 25?
-1449604
In base 6, what is 103244 - -12450?
120134
In base 7, what is 13660 + 4060651?
4104641
In base 6, what is -1 + -3010544323?
-3010544324
In base 10, what is -140 - -99006?
98866
In base 12, what is 3193362 - -4?
3193366
In base 16, what is -33db3 - -fc?
-33cb7
In base 16, what is -a9e49 - -5?
-a9e44
In base 15, wh